) = 2*n**3 + 380*n**2 + 2916*n + 728. Calculate k(-182).
0
Let h(l) = 1526*l - 18315. Give h(12).
-3
Let k(p) = 2*p**2 - 6*p - 49. Determine k(-6).
59
Let l(g) = 72*g + 15985. Calculate l(-222).
1
Let a(f) = f**2 + 13*f + 37. Calculate a(-3).
7
Let t(n) = 3*n**2 - 174*n + 1303. Give t(9).
-20
Let w(n) = -2*n**3 - 6*n**2 + 14*n + 43. What is w(-6)?
175
Let x(w) = 1438*w + 122246. Determine x(-85).
16
Let s(j) = -j**2 - 21*j - 102. Give s(-14).
-4
Let w(g) = -2*g**2 - 6*g + 337. Determine w(-17).
-139
Let q(g) = 2*g**3 + 71*g**2 - 43*g - 210. What is q(-36)?
42
Let t(n) = -2*n**3 - 114*n**2 - 111*n + 52. Calculate t(-56).
-4
Let j(z) = z**3 + 6*z**2 - 162*z - 1082. What is j(-7)?
3
Let s(g) = 4*g**2 + 62*g - 46. Determine s(-16).
-14
Let j(o) = 258*o + 748. Give j(-3).
-26
Let s(w) = -w**2 - 9*w - 19. Give s(-4).
1
Let c(m) = -23*m + 317. Determine c(0).
317
Let k(h) = -h**3 + 7*h**2 - 21*h + 97. Calculate k(4).
61
Let s(i) = 707*i - 1466. Calculate s(2).
-52
Let q(k) = -47*k**3 + 750*k**2 + 27*k + 68. Determine q(16).
-12
Let z(r) = r**2 + 19*r - 9. Give z(-21).
33
Let i(q) = -7*q - 46. Calculate i(-14).
52
Let c(z) = 462*z - 1844. What is c(4)?
4
Let o(v) = -v**2 + 35*v + 378. What is o(39)?
222
Let f(t) = 75*t + 905. Calculate f(-13).
-70
Let y(k) = 39*k**2 + 936*k + 2. What is y(-24)?
2
Let w(r) = -2*r**2 + 121*r + 1508. Determine w(71).
17
Let l(z) = z**3 - 125*z**2 - 2*z + 254. Determine l(125).
4
Let l(g) = 535*g + 2243. Give l(-4).
103
Let h(b) = -b**3 + 66*b**2 - 893*b - 151. Determine h(47).
-151
Let r(s) = 13*s**3 + 42*s**2 - 31*s - 112. Calculate r(-3).
8
Let w(g) = -4*g**3 + 10*g**2 - 6*g + 21. Give w(2).
17
Let i(r) = -43*r**2 - 120*r - 371. Give i(-3).
-398
Let q(d) = 620*d + 1337. What is q(-2)?
97
Let o(z) = 23*z**3 + 65*z**2 - 14*z - 23. Give o(-3).
-17
Let o(m) = 15*m - 11. Determine o(-4).
-71
Let x(j) = -2*j**3 + 57*j**2 + 39*j + 9. Give x(29).
299
Let v(d) = -d**3 + 65*d**2 + 7*d + 31. Calculate v(65).
486
Let s(z) = -572*z**2 - 5*z + 5. Calculate s(1).
-572
Let p(s) = 6*s**3 - 32*s**2 + 16*s - 47. What is p(5)?
-17
Let x(y) = -3*y**2 - 33*y - 108. What is x(-13)?
-186
Let i(j) = -169*j + 29. Determine i(2).
-309
Let o(z) = 42*z - 520. Calculate o(12).
-16
Let y(g) = g**3 - 8*g**2 + 20*g - 23. What is y(7)?
68
Let g(c) = 15*c**3 - 3*c**2 + 14*c + 38. Determine g(-2).
-122
Let o(l) = -3*l**2 - 3*l + 7. Calculate o(3).
-29
Let v(p) = -29*p + 59. Determine v(12).
-289
Let f(t) = t**2 - 5*t - 148. What is f(-11)?
28
Let s(f) = -4*f**2 + 92*f - 357. What is s(18)?
3
Let r(d) = -1056*d + 14772. Give r(14).
-12
Let h(i) = -212*i - 6798. Determine h(-32).
-14
Let q(y) = -73*y - 35. Calculate q(14).
-1057
Let b(n) = 229*n**2 - 10759*n - 190. What is b(47)?
-2
Let w(o) = -o**3 + o**2 + 3*o + 6. Determine w(4).
-30
Let j(d) = 2*d**3 - 33*d**2 + 112*d - 55. What is j(12)?
-7
Let a(l) = 19*l - 232. Calculate a(-6).
-346
Let f(y) = -y**3 - 2*y**2 + 9*y - 68. Give f(0).
-68
Let r(s) = s**3 - 11*s**2 - 57*s - 31. Give r(15).
14
Let r(j) = -270*j + 1633. Determine r(6).
13
Let y(l) = l**3 - 8*l**2 - 14*l - 17. Calculate y(5).
-162
Let z(d) = -6*d + 343. What is z(52)?
31
Let r(n) = 4*n**2 - n - 387. Calculate r(-10).
23
Let m(g) = -577*g + 4720. Calculate m(8).
104
Let g(w) = 76*w**3 + 1674*w**2 + 45*w + 14. What is g(-22)?
-8
Let t(a) = -a**3 - 13*a**2 - 31*a - 26. What is t(-10)?
-16
Let q(d) = -3*d - 81. Calculate q(-20).
-21
Let v(m) = m**3 - 13*m**2 - 3*m - 66. What is v(15)?
339
Let y(c) = c**2 - 44*c - 1867. Determine y(70).
-47
Let j(b) = -b**2 - 2*b + 110. Calculate j(-13).
-33
Let i(y) = -4*y**2 + 238*y - 132. Give i(59).
-14
Let i(b) = 508*b - 5074. Give i(10).
6
Let s(k) = -k**3 - 15*k**2 - 48*k - 285. What is s(-13)?
1
Let o(k) = k**3 + 4*k**2 - 29*k - 55. Calculate o(-7).
1
Let i(o) = o**3 - 126*o**2 + 115*o + 1283. What is i(125)?
33
Let g(q) = -28*q**2 + 5696*q - 2440. Determine g(203).
-4
Let j(p) = p**3 - 33*p**2 + 6*p + 839. Give j(32).
7
Let c(z) = -79*z + 2223. Give c(28).
11
Let i(h) = h**3 + 21*h**2 - 10*h + 211. What is i(-21)?
421
Let b(x) = -17*x + 257. Calculate b(13).
36
Let j(h) = -39*h - 63. Give j(-12).
405
Let q(c) = c**3 - 5*c**2 + 12*c - 1. Calculate q(6).
107
Let r(c) = 14*c**2 + 1666*c - 6. What is r(-119)?
-6
Let i(v) = -2*v**3 + 177*v**2 - 437*v + 576. Give i(86).
-26
Let j(v) = -v**3 - 73*v**2 + 86*v + 900. Calculate j(-74).
12
Let g(u) = 58*u - 3213. Calculate g(55).
-23
Let n(a) = a**3 - 12*a**2 - 6*a + 158. Calculate n(13).
249
Let c(z) = -13*z**2 + 203*z + 10. Calculate c(16).
-70
Let r(d) = 45*d**3 + 3*d**2 - 7*d + 22. What is r(2)?
380
Let d(s) = s**3 + 22*s**2 + 20*s + 3. What is d(-6)?
459
Let j(l) = 13*l**2 + 2*l + 6. What is j(-1)?
17
Let g(s) = -s**2 + 151*s - 4136. What is g(36)?
4
Let x(y) = -y**2 + 16*y + 69. Calculate x(19).
12
Let c(h) = -h**3 + 15*h**2 - 127*h + 770. Determine c(10).
0
Let r(l) = 4*l**3 - 24*l**2 + 7*l - 137. What is r(8)?
431
Let c(g) = 11*g + 111. Calculate c(-55).
-494
Let f(r) = r**2 - 61*r + 460. Give f(52).
-8
Let g(n) = -20*n + 145. Give g(6).
25
Let s(f) = f**3 + 3*f**2 - 7*f - 48. What is s(-4)?
-36
Let h(q) = -16*q**2 + 898*q - 125. Give h(56).
-13
Let h(c) = -1574*c - 18890. Determine h(-12).
-2
Let m(w) = w**2 + 18*w - 42. Give m(2).
-2
Let m(v) = 177*v + 165. Determine m(-1).
-12
Let d(b) = -b**2 + 35*b - 36. Determine d(34).
-2
Let d(v) = -101*v + 2147. Give d(21).
26
Let m(j) = -72*j + 534. Calculate m(9).
-114
Let f(z) = -21*z + 128. Calculate f(5).
23
Let y(b) = -b**3 + 33*b**2 - 124*b + 1893. Determine y(31).
-29
Let v(n) = -n**3 - 12*n**2 + 20*n + 330. What is v(-11)?
-11
Let x(b) = -b**3 + 12*b**2 - 15*b - 10. Determine x(7).
130
Let k(m) = m**3 - 3*m**2 + 31*m - 7. Determine k(4).
133
Let k(j) = j**3 + 97*j**2 + 290*j + 17. Calculate k(-3).
-7
Let o(f) = 3*f**2 + 16*f + 51. Determine o(-8).
115
Let m(g) = 2*g**2 + g - 44. What is m(-15)?
391
Let o(k) = k**3 + 19*k**2 + 2*k + 9. Calculate o(-20).
-431
Let a(t) = -48*t - 1312. What is a(-28)?
32
Let w(g) = -g**3 + 2*g**2 + 20*g - 20. Give w(-4).
-4
Let a(j) = 4*j**2 - 41*j + 69. Give a(4).
-31
Let a(y) = -92*y + 6764. Determine a(74).
-44
Let h(c) = 6*c - 121. Calculate h(15).
-31
Let a(b) = -138*b + 38. Determine a(-1).
176
Let g(f) = -17452*f**2 - 69805*f + 8. Calculate g(-4).
-4
Let l(d) = 6*d + 255. Determine l(-42).
3
Let y(l) = l**3 - 45*l**2 + 90*l - 203. What is y(43)?
-31
Let u(h) = 2*h**3 + 20*h**2 - 34*h - 129. Calculate u(-11).
3
Let w(d) = d**3 - 4*d**2 - 36*d + 5. Give w(-5).
-40
Let m(q) = q**3 - 12*q**2 + 30*q + 26. Calculate m(8).
10
Let i(b) = b**2 + 262*b + 14523. Determine i(-80).
-37
Let d(l) = -1015*l + 16246. What is d(16)?
6
Let k(p) = 13*p + 352. Calculate k(-28).
-12
Let c(q) = 161*q - 43. Give c(1).
118
Let z(i) = 2*i**2 + 62*i - 55. Determine z(-32).
9
Let k(o) = 2*o**3 + 4*o**2 + o + 1. Give k(-5).
-154
Let w(g) = -2*g**2 + 3*g + 195. What is w(9)?
60
Let w(g) = 5*g**2 - 94*g + 415. Give w(12).
7
Let u(k) = 3*k**2 + 310*k - 1974. Calculate u(6).
-6
Let z(p) = -4*p**3 + 34*p**2 + 16*p + 23. What is z(9)?
5
Let n(x) = x**3 + 3*x**2 + 64*x + 299. Give n(-5).
-71
Let v(d) = -958*d - 2869. Determine v(-3).
5
Let g(j) = 18*j**2 - 231*j - 29. What is g(14)?
265
Let l(u) = -u**3 + 5*u**2 - 89*u + 439. Determine l(5).
-6
Let y(o) = -2*o**3 + 9*o**2 + 4*o - 32. Calculate y(6).
-116
Let o(s) = 2*s**2 + 106*s + 1350. What is o(-32)?
6
Let c(p) = -15*p**2 - 18*p + 6. Determine c(-2).
-18
Let n(f) = 8005*f - 24022. Determine n(3).
-7
Let g(f) = 2149*f + 21532. What is g(-10)?
42
Let z(p) = -p**3 + 10*p**2 - 6*p - 46. What is z(9)?
-19
Let c(d) = -3679*d - 7364. Determine c(-2).
-6
Let v(a) = -171*a + 1043. Calculate v(4).
359
Let k(f) = -2*f**2 + 5*f + 107. Calculate k(-7).
-26
Let g(r) = r**3 + 10*r**2 - 88*r + 124. Give g(-16).
-4
Let z(n) = -6462*n - 19367. Determine z(-3).
19
Let o(t) = 8*t**2 - 76*t + 234. Calculate o(3).
78
Let k(c) = 4*c**2 - 17*c - 21. Calculate k(5).
-6
Let z(j) = -j**3 + 24*j**2 - 91*j + 7. Calculate z(5).
27
Let b(j) = 1290*j + 5177. Calculate b(-4).
17
Let l(c) = -10*c + 231. What is l(26)?
-29
Let o(x) = -2*x**2 - 130*x + 558. Give o(-69).
6
Let x(q) = -6*q**2 - 42*q + 206. What is x(4)?
-58
Let m(y) = -y**3 - 28*y**2 + 27*y + 787. Calculate m(-28).
3